etermine h(z).
4
Let p(g) = 3*g**2 - 4*g - 3. Let w(x) = -3*x**2 - x + 1 + 3*x**2 - x**2. Let v be -3 + -9 + 3 + 11. Let d(r) = v*w(r) + p(r). Calculate d(5).
-6
Let f = -77 + 85. Suppose -r - 1 = 0, -6*t + 4*r = -f*t. Let p(x) be the second derivative of -x**5/20 + x**3/3 - x**2 - x. Calculate p(t).
-6
Suppose 3*t - 48 = -3*c, -c + 655*t + 25 = 653*t. Let s(m) = m**3 - 19*m**2 + 5*m - 93. Give s(c).
2
Let f(a) = 0*a + 5*a - 18 - 4*a. Let z be (-11 + -4)*(((-741)/52)/(-19) - (-35)/(-20)). Give f(z).
-3
Let r(i) be the second derivative of i**4/2 + i**3/2 + i**2 - 5*i. Let g(k) = k**2 + 22*k + 83. Let l be g(-5). Calculate r(l).
20
Let g(m) = -61 - 50 + 6*m - 48 - 47 + 214. Calculate g(-2).
-4
Suppose -2*b - 2*b + 2*g - 20 = 0, 4*g + 25 = -5*b. Let d(l) = l + 8. Let a be d(b). Let s(c) = 3*c**3 - 5*c**3 + a*c**3 + 9*c**2 - 2*c**2. Determine s(-7).
0
Suppose -2*l + 24 = 5*h - 5, 3*l + 9 = 3*h. Let z(b) = 7*b**2 + 33*b - 9*b**l + 32*b - 67*b. What is z(-2)?
-4
Suppose -2*i = -6 - 10. Let u(d) = -9*d**3 + 47*d**2 + 6*d - 15. Let n(c) = 7*c**3 - 36*c**2 - 5*c + 14. Let m(r) = -5*n(r) - 4*u(r). Give m(i).
-2
Let n(p) = 26*p - 11. Let s(l) = -15*l + 5. Let f(c) = -4*n(c) - 7*s(c). Give f(-2).
7
Let c(m) = m**3 - 4*m**2 + m - 8. Let i be -3*(8/(-30))/((-98)/35 + 3). Give c(i).
-4
Let c(f) = -59*f - 63. Let q be c(-2). Let j be ((-6)/5*-2)/((-22)/q). Let p(o) = 4*o + 4. Determine p(j).
-20
Let a = 640 - 397. Let f = a - 238. Let i(s) = s**2 - 5*s - 3. What is i(f)?
-3
Let k(x) = x - 8. Let u = 10 + 9. Let r(y) = -y**2 + 10*y - 13. Let d be r(10). Let a = d + u. Calculate k(a).
-2
Let j(h) = -h**2 - 4*h + 6. Let p be (2/(-1))/(15/(-105)). Suppose 0 = 10*x + p - 164. Let q = x + -21. What is j(q)?
-6
Let k be ((-3)/6 + 2)*32/(-12). Let j(p) = 10*p + 17. Calculate j(k).
-23
Let x(r) = -3*r**2 + 8*r - 3. Let k(m) = m**3 - 38*m**2 + 72*m + 9. Let f be k(36). Suppose 8 = -4*w + f*o - 13*o, -5*w - 2*o = -5. Calculate x(w).
-6
Let c(t) = -6*t + 4. Let n(j) = j + 1. Let f(x) = c(x) + 4*n(x). Let i be f(5). Let m be i*(10/(-5) + 3). Let b(z) = -3*z**3 - 2*z**2 + 3*z + 3. Give b(m).
13
Let n(r) = r**2 + 7*r + 1. Let k(i) = i**2 - 4*i. Let x be k(2). Let s = x + 5. Let u be 78/(-15) - (s/(-5) - 0). What is n(u)?
-9
Let v(j) = -3*j**3 + 8*j**2 - 3. Let c(u) = 11*u**3 - 33*u**2 + 27. Let k(h) = -c(h) - 4*v(h). Suppose 4*n + 5 = -m, -3*m - 20 = -2*n + m. What is k(n)?
-15
Let l(m) = -5*m - 51. Let t(v) = v**2 - 147*v + 5257. Let k be t(85). Give l(k).
14
Let x(k) be the third derivative of k**6/120 + 7*k**5/60 - 43*k**4/24 + 5*k**3/6 + 870*k**2. Determine x(-11).
-6
Let d(o) = 5*o**2 - 3*o - 1. Let a(b) = 19*b**2 - 25*b + 8. Let s(j) = a(j) - 4*d(j). What is s(-11)?
34
Let i(d) = 4*d - 1. Let q = -271 - -102. Let g = q - -170. What is i(g)?
3
Let z(x) = 3*x - 1. Suppose -2*j - 5*m = -0*j - 332, 3*m - 12 = 0. Let t = -61 + j. Let d = t - 91. Determine z(d).
11
Let s = -35 - -38. Suppose s*b - 21 = -3*k, -4*b - 18 = -5*k - 1. Let j(v) = -10*v + 12*v - b - 3*v. What is j(4)?
-6
Let i(q) = -7*q**2 + 6*q - 1. Suppose -20*y - 2*y = -4*y - 72. Determine i(y).
-89
Let k be -6*(1 - 30/18). Suppose 4*b - 19 = 5*o, -k*b - 2 = 3*o - o. Let m(v) = -33*v + 1. Determine m(b).
-32
Let r = 17699 + -17690. Let g(o) = -o**3 + 9*o**2 - 11*o + 95. Calculate g(r).
-4
Let x(b) = 5*b**2 - b**3 - b**2 - 4*b**2 + 2*b - 11 - b**2. Determine x(0).
-11
Let m be (-480)/288*(237/105 - (-3)/21). Let t(s) = s**2 - 4*s - 2. Let v(n) = 1. Let d(u) = -t(u) - 2*v(u). Give d(m).
-32
Let w be (-297)/(-54) - (2 + (-15)/6). Let u(k) = -9*k + k**2 + 9 - 5 + 3. What is u(w)?
-11
Let c(q) = 1910933 - 4*q + 6*q - 1910839 + 0*q. Determine c(-31).
32
Let q(j) = -7*j**2 + 301*j + 4*j**2 + 8 - 327*j + 42. Determine q(-10).
10
Let l(f) = -2*f**3 + 24*f**2 - 22*f + 20. Let o be (-110)/270*-3*9. Determine l(o).
20
Let r(m) = 93*m - 1. Let j = 7651 + -7651. Give r(j).
-1
Let q be (3/(-6))/((-3)/(3*12)). Let n(b) = -9*b + 25. Let g(w) = 5*w - 13. Let u(z) = q*n(z) + 11*g(z). Let o be (-13 + 11)*5/2. Calculate u(o).
2
Let b be (-135)/(-36)*4/3. Let o(f) be the second derivative of f**4/6 - f**3 - 3*f**2 + 71*f. Calculate o(b).
14
Let g(a) be the second derivative of -2*a**4/3 - 2*a**3/3 - a**2 + 138*a - 7. Let h(u) = u**3 - 3*u**2 - 4*u - 2. Let m be h(4). What is g(m)?
-26
Let b(x) be the second derivative of -x**4/12 - 4*x**3/3 - x**2 - x. Suppose 0 = -25*w + 38*w + 2873. Let a = 215 + w. Determine b(a).
10
Let n(o) = 4*o + 0*o**2 - 6*o**2 + o**3 - 2*o. Let d(z) = -z**3 + 17*z**2 + 3*z - 51. Let t be d(17). Suppose t*f = -6*f + 36. Determine n(f).
12
Let z(h) = -5 - 6 - 2*h + 14 + 0. Let m(l) = -l**3 + 10*l**2 + l - 9. Let i be m(10). Let r be (-8 + i)*(-6)/6. Calculate z(r).
-11
Let x(u) be the first derivative of u**4/4 + 5*u**3/3 + u**2/2 - 2*u + 582. Calculate x(-5).
-7
Let p(v) be the second derivative of v**5/20 - v**4/6 - v**3/3 - v**2/2 + 9*v + 1373. Suppose 0 = 5*x + 6 - 26. Give p(x).
23
Let w(h) = 53 - 4*h - h + 2*h + 9*h. Calculate w(-11).
-13
Let v(n) be the third derivative of n**4/12 + 3*n**3/2 - n**2 - 300. Calculate v(6).
21
Let i(o) = -5 - 372*o - 360*o - o**2 + 724*o. What is i(-7)?
2
Suppose 13*o - 3086 = -1006. Let m = o + -162. Let v(i) = -i**2 - 4*i**3 - 3*i + i**3 - 1 - 4*i**2 + i**2. Calculate v(m).
13
Let c(i) be the third derivative of i**5/60 + 5*i**4/8 + 10*i**3 + 764*i**2. Give c(-10).
10
Let h(g) = -3*g + 7 + 0*g + 3*g + g. Suppose 29*s - 7*s = -39 - 49. Give h(s).
3
Let y(h) = -2152*h + 24 + 55 - h**2 - 17 + 2153*h. Calculate y(-7).
6
Let m(i) = -7*i**3 - 19*i**2 + 31*i. Let y(t) = -t**3 - t**2 + 3*t. Let x(l) = m(l) - 6*y(l). Calculate x(-14).
14
Let g = -9 - -6. Let o(m) be the first derivative of m**3/3 + 3*m**2/2 + m + 6251. What is o(g)?
1
Let s(a) = 22*a + 2. Let j(d) = 43*d + 276. Let m(x) = j(x) - 3*s(x). Give m(12).
-6
Let v(k) be the second derivative of 123*k + 0*k**2 - 1/6*k**3 + 0. Determine v(3).
-3
Let b(d) = d**2 + 4*d + 12. Let f = -1754 + 1759. Calculate b(f).
57
Let p(z) = -z**3 + 5*z**2 - 7*z + 5. Suppose 8798 - 8746 = 13*h. Determine p(h).
-7
Suppose 3*m - 3*p = -4 - 8, m + 5*p = 2. Suppose -4*o - 7 = -27. Let d(n) = -1 + o*n - 8*n + 4*n. Determine d(m).
-4
Let f(q) = -q**3 + 40*q**2 - 35*q + 70. Let u(r) = -r**3 + 37*r**2 - 33*r + 67. Let m(a) = -5*f(a) + 6*u(a). Calculate m(21).
10
Suppose 1146 = -8*q + 922. Let o(s) = -6*s - 169. Let y be o(q). Let w(j) = -16*j**3 - 2*j - 1. Give w(y).
17
Suppose c + 4 = 8. Suppose -2*w = -c*l + 14 + 2, w = 5*l - 17. Let m(q) = q - 4. Determine m(w).
-6
Let b(l) = 41*l**2 - 4*l - 50*l**2 + 1 + 10*l**2 + 0*l + 3*l. Let x be (-1 + 1)/(-1 - 0). Suppose x = -0*r - 3*r. Give b(r).
1
Let b(n) = 14*n - 68. Suppose -196*g + 1185 - 205 = 0. What is b(g)?
2
Let c be (-3)/(-4)*(-20)/(-15). Suppose -5*x = 2*q - 18 - 38, q + 4*x = 34. Let f(b) = q*b - 22*b - c + 18*b + 0. Determine f(-1).
-15
Suppose -5 = -5*q + h + 4*h, 0 = -3*h + 9. Suppose -q*c = -5*k + 26, 7 = 5*k - 2*c - 21. Let x(l) = -l**2 + 7*l - 3. Calculate x(k).
3
Let a(l) = 7*l**2 + 10 + l**2 + 12*l**2 - 19*l**2 - 15*l. Calculate a(6).
-44
Let h(l) be the third derivative of l**8/20160 - l**7/2520 + 17*l**5/30 - l**3/6 - 13*l**2. Let f(i) be the third derivative of h(i). Calculate f(-3).
15
Let m(v) be the first derivative of v**3/3 + 4*v**2 - 6*v - 3311. Suppose 2*b = -3*b - 40. Give m(b).
-6
Let x(w) be the first derivative of -w**4/12 - 11*w**3/6 - w**2/2 - 65*w + 27. Let z(g) be the first derivative of x(g). Calculate z(-9).
17
Let z(y) = 5*y**2 - 9*y + 12. Let r(o) = 3*o**2 - 6*o + 7. Let w(f) = 3*r(f) - 2*z(f). Let v be -2 + 0 + (-3)/1. Calculate w(v).
-28
Let h = 3323 + -3317. Let a(b) = -b**3 + 6*b**2 - b - 7. Give a(h).
-13
Let r(z) = -6*z - 4. Suppose -21*a + 1003 = 982. Give r(a).
-10
Let j(p) be the second derivative of -1/2*p**2 - 1/2*p**3 + 1/20*p**5 - 1/4*p**4 - 58*p + 0. Determine j(3).
-10
Suppose 19*q = 20*q + 2, -5*j + 16 = -3*q. Let s(m) = 1761*m**3 + 5*m + 2*m - 1760*m**3 + 9*m**j. Determine s(-8).
8
Let t = -16 + 13. Let h(o) = -4*o**3 - 7*o**2 + 5*o - 1. Let z(c) = -5*c**3 - 9*c**2 + 6*c - 2. Let v(j) = 6*h(j) - 5*z(j). Calculate v(t).
4
Let k = -37 - -27. Let m be -5 + (-3 - k) - -6. Let c(s) = s**3 - 6*s + 7*s + 0*s**3 - 3 - 8*s**2. Calculate c(m).
5
L